{"id":1041,"date":"2018-06-03T10:25:15","date_gmt":"2018-06-03T10:25:15","guid":{"rendered":"https:\/\/estelsdelsud.com\/?page_id=1041"},"modified":"2024-12-20T15:42:44","modified_gmt":"2024-12-20T15:42:44","slug":"hotel-beseit-la-fabrica-de-solfa","status":"publish","type":"page","link":"https:\/\/estelsdelsud.com\/ca\/allotjaments\/hotel-beseit-la-fabrica-de-solfa\/","title":{"rendered":"Hotel La F\u00e0brica de Solfa"},"content":{"rendered":"<p>[et_pb_section fb_built=&#8221;1&#8243; _builder_version=&#8221;4.16&#8243; global_colors_info=&#8221;{}&#8221;][et_pb_row _builder_version=&#8221;4.16&#8243; background_size=&#8221;initial&#8221; background_position=&#8221;top_left&#8221; background_repeat=&#8221;repeat&#8221; global_colors_info=&#8221;{}&#8221;][et_pb_column type=&#8221;4_4&#8243; _builder_version=&#8221;4.16&#8243; custom_padding=&#8221;|||&#8221; global_colors_info=&#8221;{}&#8221; custom_padding__hover=&#8221;|||&#8221;][et_pb_text admin_label=&#8221;Header&#8221; _builder_version=&#8221;4.16&#8243; text_font_size=&#8221;45&#8243; header_text_color=&#8221;#000000&#8243; header_font_size=&#8221;45&#8243; background_size=&#8221;initial&#8221; background_position=&#8221;top_left&#8221; background_repeat=&#8221;repeat&#8221; text_orientation=&#8221;center&#8221; max_width_tablet=&#8221;&#8221; max_width_phone=&#8221;&#8221; max_width_last_edited=&#8221;on|phone&#8221; module_alignment=&#8221;center&#8221; custom_margin=&#8221;||10px|&#8221; text_font_size_tablet=&#8221;35&#8243; text_font_size_phone=&#8221;25&#8243; text_font_size_last_edited=&#8221;off|phone&#8221; header_font_size_last_edited=&#8221;off|desktop&#8221; custom_css_main_element=&#8221;font-weight:900!important;&#8221; global_colors_info=&#8221;{}&#8221;]<\/p>\n<h2>Hotel La F\u00e0brica de Solfa<\/h2>\n<p>[\/et_pb_text][et_pb_divider color=&#8221;#568FF6&#8243; divider_position=&#8221;center&#8221; divider_weight=&#8221;2&#8243; admin_label=&#8221;Divider (Centered)&#8221; _builder_version=&#8221;4.16&#8243; custom_css_before=&#8221;width: 100px;||left: 50%;||margin-right: -50%;||transform: translate(-50%);&#8221; hide_on_mobile=&#8221;off&#8221; global_colors_info=&#8221;{}&#8221;][\/et_pb_divider][\/et_pb_column][\/et_pb_row][et_pb_row column_structure=&#8221;1_2,1_2&#8243; admin_label=&#8221;Row&#8221; _builder_version=&#8221;4.16&#8243; background_size=&#8221;initial&#8221; background_position=&#8221;top_left&#8221; background_repeat=&#8221;repeat&#8221; global_colors_info=&#8221;{}&#8221;][et_pb_column type=&#8221;1_2&#8243; _builder_version=&#8221;4.16&#8243; background_position=&#8221;top_left&#8221; custom_padding=&#8221;|||&#8221; global_colors_info=&#8221;{}&#8221; custom_padding__hover=&#8221;|||&#8221;][et_pb_text admin_label=&#8221;Subheader&#8221; _builder_version=&#8221;4.23.2&#8243; background_size=&#8221;initial&#8221; background_position=&#8221;top_left&#8221; background_repeat=&#8221;repeat&#8221; max_width=&#8221;720px&#8221; custom_margin=&#8221;0px||40px|&#8221; custom_margin_tablet=&#8221;0px||38px|&#8221; custom_margin_phone=&#8221;&#8221; custom_margin_last_edited=&#8221;on|phone&#8221; custom_css_main_element=&#8221;font-weight:300;&#8221; global_colors_info=&#8221;{}&#8221;]<\/p>\n<p>Hotel familiar adaptat per a persones amb mobilitat redu\u00efda, prove\u00eft d\u2019ascensor, acc\u00e9s a Internet (wi-fi), sala d\u2019estar amb llar de foc, bar amb terrassa i jard\u00ed junt al riu. Ideal per a fam\u00edlies. Possibilitat de llit complementari (amb suplement). No hi ha televisi\u00f3 i No s\u2019admeten animals dom\u00e8stics. L\u2019hotel est\u00e0 situat en una hist\u00f2rica f\u00e0brica de paper a tocar del riu Matarranya reformada a fons amb un estil de disseny net i actual. Modernes i confortables, cadascuna de les 8 habitacions (sense TV) rep el nom d\u2019una de les antigues f\u00e0briques papereres que ja fa temps creixeren junt al riu: Pont Nou, Bata, Morato, Taraganya, Noguera, Mart\u00ed, Cremada i Tosca. No cal ser hoste de l\u2019Hotel per gaudir de les nostres especialitats culin\u00e0ries en una acollidora sala amb vistes al riu Matarranya. El plaer d\u2019estar en un lloc sense preses. L\u2019Hotel La F\u00e1brica de Solfa s\u2019adhereix a la filosofia del \u201cslow travel\u201d, o \u201cviatjar sense preses\u201d. Un turisme intel\u00b7ligent per gaudir amb calma del paisatge, el patrimoni cultural i la gastronomia. Els pilars del \u201cslow travel\u201d son la preocupaci\u00f3 pel medi ambient, la cuina t\u00edpica i tradicional, una destinaci\u00f3 fora del convencional, una oferta m\u00e9s intima, la riquesa patrimonial, i sobretot &#8230;&#8230;. la qualitat.<\/p>\n<h6 class=\"et_pb_module_header\">Preus<\/h6>\n<div class=\"et_pb_blurb_description\">\n<ul>\n<li><strong>MP:<\/strong>\u00a0 78 \u20ac\u00a0\u00a0\u00a0 (suplement habitaci\u00f3 d&#8217;us individual 20\u20ac)<strong><\/strong><\/li>\n<li><strong>PICNIC:\u00a0 <\/strong>12 \u20ac<\/li>\n<\/ul>\n<\/div>\n<p>[\/et_pb_text][\/et_pb_column][et_pb_column type=&#8221;1_2&#8243; _builder_version=&#8221;4.16&#8243; background_position=&#8221;top_left&#8221; custom_padding=&#8221;|||&#8221; global_colors_info=&#8221;{}&#8221; custom_padding__hover=&#8221;|||&#8221;][et_pb_blurb title=&#8221;Arrabal del Pont, 16 &#8211; 44588 BECEITE&#8221; url=&#8221;mailto:calesbarberes@hotmail.com&#8221; use_icon=&#8221;on&#8221; font_icon=&#8221;&#xe074;||divi||400&#8243; icon_color=&#8221;#568FF6&#8243; icon_placement=&#8221;left&#8221; image_icon_width=&#8221;30px&#8221; admin_label=&#8221;Blurb&#8221; module_class=&#8221;mp_blurb_icon_hover&#8221; _builder_version=&#8221;4.16&#8243; header_font_size=&#8221;21&#8243; body_text_color=&#8221;#666a74&#8243; animation=&#8221;off&#8221; custom_css_blurb_image=&#8221;text-align: left;||margin-bottom: 8px;&#8221; custom_css_blurb_title=&#8221;font-weight: 500;&#8221; custom_css_blurb_content=&#8221;font-weight:300;&#8221; border_style=&#8221;solid&#8221; icon_font_size=&#8221;30px&#8221; global_colors_info=&#8221;{}&#8221;][\/et_pb_blurb][et_pb_blurb title=&#8221;info@fabricadesolfa.com&#8221; url=&#8221;mailto:info@websenda.com&#8221; use_icon=&#8221;on&#8221; font_icon=&#8221;&#xe076;||divi||400&#8243; icon_color=&#8221;#568FF6&#8243; icon_placement=&#8221;left&#8221; image_icon_width=&#8221;30px&#8221; admin_label=&#8221;Blurb&#8221; module_class=&#8221;mp_blurb_icon_hover&#8221; _builder_version=&#8221;4.16&#8243; header_font_size=&#8221;21&#8243; body_text_color=&#8221;#666a74&#8243; animation=&#8221;off&#8221; custom_css_blurb_image=&#8221;text-align: left;||margin-bottom: 8px;&#8221; custom_css_blurb_title=&#8221;font-weight: 500;&#8221; custom_css_blurb_content=&#8221;font-weight:300;&#8221; border_style=&#8221;solid&#8221; icon_font_size=&#8221;30px&#8221; global_colors_info=&#8221;{}&#8221;][\/et_pb_blurb][et_pb_blurb title=&#8221;978850756 &#8211; +34620217120&#8243; use_icon=&#8221;on&#8221; font_icon=&#8221;&#xe090;||divi||400&#8243; icon_color=&#8221;#568FF6&#8243; icon_placement=&#8221;left&#8221; image_icon_width=&#8221;30px&#8221; admin_label=&#8221;Blurb&#8221; module_class=&#8221;mp_blurb_icon_hover&#8221; _builder_version=&#8221;4.23.4&#8243; header_font_size=&#8221;21&#8243; body_text_color=&#8221;#666a74&#8243; animation=&#8221;off&#8221; hover_enabled=&#8221;0&#8243; custom_css_blurb_image=&#8221;text-align: left;||margin-bottom: 8px;&#8221; custom_css_blurb_title=&#8221;font-weight: 500;&#8221; custom_css_blurb_content=&#8221;font-weight:300;&#8221; icon_font_size=&#8221;30px&#8221; global_colors_info=&#8221;{}&#8221; sticky_enabled=&#8221;0&#8243;][\/et_pb_blurb][et_pb_blurb title=&#8221;www.fabricadesolfa.com&#8221; url=&#8221;http:\/\/www.websenda.com&#8221; url_new_window=&#8221;on&#8221; use_icon=&#8221;on&#8221; font_icon=&#8221;&#xe0e2;||divi||400&#8243; icon_color=&#8221;#568FF6&#8243; icon_placement=&#8221;left&#8221; image_icon_width=&#8221;30px&#8221; admin_label=&#8221;Blurb&#8221; module_class=&#8221;mp_blurb_icon_hover&#8221; _builder_version=&#8221;4.16&#8243; header_font_size=&#8221;21&#8243; body_text_color=&#8221;#666a74&#8243; animation=&#8221;off&#8221; custom_css_blurb_image=&#8221;text-align: left;||margin-bottom: 8px;&#8221; custom_css_blurb_title=&#8221;font-weight: 500;&#8221; custom_css_blurb_content=&#8221;font-weight:300;&#8221; icon_font_size=&#8221;30px&#8221; global_colors_info=&#8221;{}&#8221;][\/et_pb_blurb][\/et_pb_column][\/et_pb_row][et_pb_row _builder_version=&#8221;4.16&#8243; background_size=&#8221;initial&#8221; background_position=&#8221;top_left&#8221; background_repeat=&#8221;repeat&#8221; global_colors_info=&#8221;{}&#8221;][et_pb_column type=&#8221;4_4&#8243; _builder_version=&#8221;4.16&#8243; custom_padding=&#8221;|||&#8221; global_colors_info=&#8221;{}&#8221; custom_padding__hover=&#8221;|||&#8221;][et_pb_gallery gallery_ids=&#8221;776,774,773,772&#8243; gallery_captions=&#8221;,,,,&#8221; posts_number=&#8221;12&#8243; show_title_and_caption=&#8221;off&#8221; show_pagination=&#8221;off&#8221; _builder_version=&#8221;4.16&#8243; global_colors_info=&#8221;{}&#8221;][\/et_pb_gallery][\/et_pb_column][\/et_pb_row][\/et_pb_section]<\/p>\n","protected":false},"excerpt":{"rendered":"<p>Hotel La F\u00e0brica de Solfa Hotel familiar adaptat per a persones amb mobilitat redu\u00efda, prove\u00eft d\u2019ascensor, acc\u00e9s a Internet (wi-fi), sala d\u2019estar amb llar de foc, bar amb terrassa i jard\u00ed junt al riu. Ideal per a fam\u00edlies. Possibilitat de llit complementari (amb suplement). No hi ha televisi\u00f3 i No s\u2019admeten animals dom\u00e8stics. L\u2019hotel est\u00e0 [&hellip;]<\/p>\n","protected":false},"author":1,"featured_media":0,"parent":1032,"menu_order":2,"comment_status":"closed","ping_status":"closed","template":"","meta":{"_et_pb_use_builder":"on","_et_pb_old_content":"","_et_gb_content_width":"","_exactmetrics_skip_tracking":false,"_exactmetrics_sitenote_active":false,"_exactmetrics_sitenote_note":"","_exactmetrics_sitenote_category":0,"footnotes":""},"class_list":["post-1041","page","type-page","status-publish","hentry"],"_links":{"self":[{"href":"https:\/\/estelsdelsud.com\/ca\/wp-json\/wp\/v2\/pages\/1041","targetHints":{"allow":["GET"]}}],"collection":[{"href":"https:\/\/estelsdelsud.com\/ca\/wp-json\/wp\/v2\/pages"}],"about":[{"href":"https:\/\/estelsdelsud.com\/ca\/wp-json\/wp\/v2\/types\/page"}],"author":[{"embeddable":true,"href":"https:\/\/estelsdelsud.com\/ca\/wp-json\/wp\/v2\/users\/1"}],"replies":[{"embeddable":true,"href":"https:\/\/estelsdelsud.com\/ca\/wp-json\/wp\/v2\/comments?post=1041"}],"version-history":[{"count":6,"href":"https:\/\/estelsdelsud.com\/ca\/wp-json\/wp\/v2\/pages\/1041\/revisions"}],"predecessor-version":[{"id":3988,"href":"https:\/\/estelsdelsud.com\/ca\/wp-json\/wp\/v2\/pages\/1041\/revisions\/3988"}],"up":[{"embeddable":true,"href":"https:\/\/estelsdelsud.com\/ca\/wp-json\/wp\/v2\/pages\/1032"}],"wp:attachment":[{"href":"https:\/\/estelsdelsud.com\/ca\/wp-json\/wp\/v2\/media?parent=1041"}],"curies":[{"name":"wp","href":"https:\/\/api.w.org\/{rel}","templated":true}]}}

Hotel La Fàbrica de Solfa

<p>[et_pb_section fb_built=&#8221;1&#8243; _builder_version=&#8221;4.16&#8243; global_colors_info=&#8221;{}&#8221;][et_pb_row _builder_version=&#8221;4.16&#8243; background_size=&#8221;initial&#8221; background_position=&#8221;top_left&#8221; background_repeat=&#8221;repeat&#8221; global_colors_info=&#8221;{}&#8221;][et_pb_column type=&#8221;4_4&#8243; _builder_version=&#8221;4.16&#8243; custom_padding=&#8221;|||&#8221; global_colors_info=&#8221;{}&#8221; custom_padding__hover=&#8221;|||&#8221;][et_pb_text admin_label=&#8221;Header&#8221; _builder_version=&#8221;4.16&#8243; text_font_size=&#8221;45&#8243; header_text_color=&#8221;#000000&#8243; header_font_size=&#8221;45&#8243; background_size=&#8221;initial&#8221; background_position=&#8221;top_left&#8221; background_repeat=&#8221;repeat&#8221; text_orientation=&#8221;center&#8221; max_width_tablet=&#8221;&#8221; max_width_phone=&#8221;&#8221; max_width_last_edited=&#8221;on|phone&#8221; module_alignment=&#8221;center&#8221; custom_margin=&#8221;||10px|&#8221; text_font_size_tablet=&#8221;35&#8243; text_font_size_phone=&#8221;25&#8243; text_font_size_last_edited=&#8221;off|phone&#8221; header_font_size_last_edited=&#8221;off|desktop&#8221; custom_css_main_element=&#8221;font-weight:900!important;&#8221; global_colors_info=&#8221;{}&#8221;]</p>
<h2>Hotel La Fàbrica de Solfa</h2>
<p>[/et_pb_text][et_pb_divider color=&#8221;#568FF6&#8243; divider_position=&#8221;center&#8221; divider_weight=&#8221;2&#8243; admin_label=&#8221;Divider (Centered)&#8221; _builder_version=&#8221;4.16&#8243; custom_css_before=&#8221;width: 100px;||left: 50%;||margin-right: -50%;||transform: translate(-50%);&#8221; hide_on_mobile=&#8221;off&#8221; global_colors_info=&#8221;{}&#8221;][/et_pb_divider][/et_pb_column][/et_pb_row][et_pb_row column_structure=&#8221;1_2,1_2&#8243; admin_label=&#8221;Row&#8221; _builder_version=&#8221;4.16&#8243; background_size=&#8221;initial&#8221; background_position=&#8221;top_left&#8221; background_repeat=&#8221;repeat&#8221; global_colors_info=&#8221;{}&#8221;][et_pb_column type=&#8221;1_2&#8243; _builder_version=&#8221;4.16&#8243; background_position=&#8221;top_left&#8221; custom_padding=&#8221;|||&#8221; global_colors_info=&#8221;{}&#8221; custom_padding__hover=&#8221;|||&#8221;][et_pb_text admin_label=&#8221;Subheader&#8221; _builder_version=&#8221;4.23.2&#8243; background_size=&#8221;initial&#8221; background_position=&#8221;top_left&#8221; background_repeat=&#8221;repeat&#8221; max_width=&#8221;720px&#8221; custom_margin=&#8221;0px||40px|&#8221; custom_margin_tablet=&#8221;0px||38px|&#8221; custom_margin_phone=&#8221;&#8221; custom_margin_last_edited=&#8221;on|phone&#8221; custom_css_main_element=&#8221;font-weight:300;&#8221; global_colors_info=&#8221;{}&#8221;]</p>
<p>Hotel familiar adaptat per a persones amb mobilitat reduïda, proveït d’ascensor, accés a Internet (wi-fi), sala d’estar amb llar de foc, bar amb terrassa i jardí junt al riu. Ideal per a famílies. Possibilitat de llit complementari (amb suplement). No hi ha televisió i No s’admeten animals domèstics. L’hotel està situat en una històrica fàbrica de paper a tocar del riu Matarranya reformada a fons amb un estil de disseny net i actual. Modernes i confortables, cadascuna de les 8 habitacions (sense TV) rep el nom d’una de les antigues fàbriques papereres que ja fa temps creixeren junt al riu: Pont Nou, Bata, Morato, Taraganya, Noguera, Martí, Cremada i Tosca. No cal ser hoste de l’Hotel per gaudir de les nostres especialitats culinàries en una acollidora sala amb vistes al riu Matarranya. El plaer d’estar en un lloc sense preses. L’Hotel La Fábrica de Solfa s’adhereix a la filosofia del “slow travel”, o “viatjar sense preses”. Un turisme intel·ligent per gaudir amb calma del paisatge, el patrimoni cultural i la gastronomia. Els pilars del “slow travel” son la preocupació pel medi ambient, la cuina típica i tradicional, una destinació fora del convencional, una oferta més intima, la riquesa patrimonial, i sobretot &#8230;&#8230;. la qualitat.</p>
<h6 class="et_pb_module_header">Preus</h6>
<div class="et_pb_blurb_description">
<ul>
<li><strong>MP:</strong>  78 €    (suplement habitació d&#8217;us individual 20€)<strong></strong></li>
<li><strong>PICNIC:  </strong>12 €</li>
</ul>
</div>
<p>[/et_pb_text][/et_pb_column][et_pb_column type=&#8221;1_2&#8243; _builder_version=&#8221;4.16&#8243; background_position=&#8221;top_left&#8221; custom_padding=&#8221;|||&#8221; global_colors_info=&#8221;{}&#8221; custom_padding__hover=&#8221;|||&#8221;][et_pb_blurb title=&#8221;Arrabal del Pont, 16 &#8211; 44588 BECEITE&#8221; url=&#8221;mailto:calesbarberes@hotmail.com&#8221; use_icon=&#8221;on&#8221; font_icon=&#8221;&#xe074;||divi||400&#8243; icon_color=&#8221;#568FF6&#8243; icon_placement=&#8221;left&#8221; image_icon_width=&#8221;30px&#8221; admin_label=&#8221;Blurb&#8221; module_class=&#8221;mp_blurb_icon_hover&#8221; _builder_version=&#8221;4.16&#8243; header_font_size=&#8221;21&#8243; body_text_color=&#8221;#666a74&#8243; animation=&#8221;off&#8221; custom_css_blurb_image=&#8221;text-align: left;||margin-bottom: 8px;&#8221; custom_css_blurb_title=&#8221;font-weight: 500;&#8221; custom_css_blurb_content=&#8221;font-weight:300;&#8221; border_style=&#8221;solid&#8221; icon_font_size=&#8221;30px&#8221; global_colors_info=&#8221;{}&#8221;][/et_pb_blurb][et_pb_blurb title=&#8221;info@fabricadesolfa.com&#8221; url=&#8221;mailto:info@websenda.com&#8221; use_icon=&#8221;on&#8221; font_icon=&#8221;&#xe076;||divi||400&#8243; icon_color=&#8221;#568FF6&#8243; icon_placement=&#8221;left&#8221; image_icon_width=&#8221;30px&#8221; admin_label=&#8221;Blurb&#8221; module_class=&#8221;mp_blurb_icon_hover&#8221; _builder_version=&#8221;4.16&#8243; header_font_size=&#8221;21&#8243; body_text_color=&#8221;#666a74&#8243; animation=&#8221;off&#8221; custom_css_blurb_image=&#8221;text-align: left;||margin-bottom: 8px;&#8221; custom_css_blurb_title=&#8221;font-weight: 500;&#8221; custom_css_blurb_content=&#8221;font-weight:300;&#8221; border_style=&#8221;solid&#8221; icon_font_size=&#8221;30px&#8221; global_colors_info=&#8221;{}&#8221;][/et_pb_blurb][et_pb_blurb title=&#8221;978850756 &#8211; +34620217120&#8243; use_icon=&#8221;on&#8221; font_icon=&#8221;&#xe090;||divi||400&#8243; icon_color=&#8221;#568FF6&#8243; icon_placement=&#8221;left&#8221; image_icon_width=&#8221;30px&#8221; admin_label=&#8221;Blurb&#8221; module_class=&#8221;mp_blurb_icon_hover&#8221; _builder_version=&#8221;4.23.4&#8243; header_font_size=&#8221;21&#8243; body_text_color=&#8221;#666a74&#8243; animation=&#8221;off&#8221; hover_enabled=&#8221;0&#8243; custom_css_blurb_image=&#8221;text-align: left;||margin-bottom: 8px;&#8221; custom_css_blurb_title=&#8221;font-weight: 500;&#8221; custom_css_blurb_content=&#8221;font-weight:300;&#8221; icon_font_size=&#8221;30px&#8221; global_colors_info=&#8221;{}&#8221; sticky_enabled=&#8221;0&#8243;][/et_pb_blurb][et_pb_blurb title=&#8221;www.fabricadesolfa.com&#8221; url=&#8221;http://www.websenda.com&#8221; url_new_window=&#8221;on&#8221; use_icon=&#8221;on&#8221; font_icon=&#8221;&#xe0e2;||divi||400&#8243; icon_color=&#8221;#568FF6&#8243; icon_placement=&#8221;left&#8221; image_icon_width=&#8221;30px&#8221; admin_label=&#8221;Blurb&#8221; module_class=&#8221;mp_blurb_icon_hover&#8221; _builder_version=&#8221;4.16&#8243; header_font_size=&#8221;21&#8243; body_text_color=&#8221;#666a74&#8243; animation=&#8221;off&#8221; custom_css_blurb_image=&#8221;text-align: left;||margin-bottom: 8px;&#8221; custom_css_blurb_title=&#8221;font-weight: 500;&#8221; custom_css_blurb_content=&#8221;font-weight:300;&#8221; icon_font_size=&#8221;30px&#8221; global_colors_info=&#8221;{}&#8221;][/et_pb_blurb][/et_pb_column][/et_pb_row][et_pb_row _builder_version=&#8221;4.16&#8243; background_size=&#8221;initial&#8221; background_position=&#8221;top_left&#8221; background_repeat=&#8221;repeat&#8221; global_colors_info=&#8221;{}&#8221;][et_pb_column type=&#8221;4_4&#8243; _builder_version=&#8221;4.16&#8243; custom_padding=&#8221;|||&#8221; global_colors_info=&#8221;{}&#8221; custom_padding__hover=&#8221;|||&#8221;][et_pb_gallery gallery_ids=&#8221;776,774,773,772&#8243; gallery_captions=&#8221;,,,,&#8221; posts_number=&#8221;12&#8243; show_title_and_caption=&#8221;off&#8221; show_pagination=&#8221;off&#8221; _builder_version=&#8221;4.16&#8243; global_colors_info=&#8221;{}&#8221;][/et_pb_gallery][/et_pb_column][/et_pb_row][/et_pb_section]</p>

<p>Hotel La Fàbrica de Solfa Hotel familiar adaptat per a persones amb mobilitat reduïda, proveït d’ascensor, accés a Internet (wi-fi), sala d’estar amb llar de foc, bar amb terrassa i jardí junt al riu. Ideal per a famílies. Possibilitat de llit complementari (amb suplement). No hi ha televisió i No s’admeten animals domèstics. L’hotel està [&hellip;]</p>
