{"id":1038,"date":"2018-06-03T10:24:35","date_gmt":"2018-06-03T10:24:35","guid":{"rendered":"https:\/\/estelsdelsud.com\/?page_id=1038"},"modified":"2024-12-20T15:40:12","modified_gmt":"2024-12-20T15:40:12","slug":"casa-rural-pauls-ca-les-barberes","status":"publish","type":"page","link":"https:\/\/estelsdelsud.com\/ca\/allotjaments\/casa-rural-pauls-ca-les-barberes\/","title":{"rendered":"Casa Rural Pa\u00fcls\u201cCa les Barberes\u201d"},"content":{"rendered":"<p>[et_pb_section fb_built=&#8221;1&#8243; _builder_version=&#8221;4.16&#8243; global_colors_info=&#8221;{}&#8221;][et_pb_row _builder_version=&#8221;4.16&#8243; background_size=&#8221;initial&#8221; background_position=&#8221;top_left&#8221; background_repeat=&#8221;repeat&#8221; global_colors_info=&#8221;{}&#8221;][et_pb_column type=&#8221;4_4&#8243; _builder_version=&#8221;4.16&#8243; custom_padding=&#8221;|||&#8221; global_colors_info=&#8221;{}&#8221; custom_padding__hover=&#8221;|||&#8221;][et_pb_text admin_label=&#8221;Header&#8221; _builder_version=&#8221;4.16&#8243; text_font_size=&#8221;45&#8243; header_text_color=&#8221;#000000&#8243; header_font_size=&#8221;45&#8243; background_size=&#8221;initial&#8221; background_position=&#8221;top_left&#8221; background_repeat=&#8221;repeat&#8221; text_orientation=&#8221;center&#8221; max_width_tablet=&#8221;&#8221; max_width_phone=&#8221;&#8221; max_width_last_edited=&#8221;on|phone&#8221; module_alignment=&#8221;center&#8221; custom_margin=&#8221;||10px|&#8221; text_font_size_tablet=&#8221;35&#8243; text_font_size_phone=&#8221;25&#8243; text_font_size_last_edited=&#8221;off|phone&#8221; header_font_size_last_edited=&#8221;off|desktop&#8221; custom_css_main_element=&#8221;font-weight:900!important;&#8221; global_colors_info=&#8221;{}&#8221;]<\/p>\n<h2>Casa Rural \u201cCa les Barberes\u201d<\/h2>\n<p>[\/et_pb_text][et_pb_divider color=&#8221;#568FF6&#8243; divider_position=&#8221;center&#8221; divider_weight=&#8221;2&#8243; admin_label=&#8221;Divider (Centered)&#8221; _builder_version=&#8221;4.16&#8243; custom_css_before=&#8221;width: 100px;||left: 50%;||margin-right: -50%;||transform: translate(-50%);&#8221; hide_on_mobile=&#8221;off&#8221; global_colors_info=&#8221;{}&#8221;][\/et_pb_divider][\/et_pb_column][\/et_pb_row][et_pb_row column_structure=&#8221;1_2,1_2&#8243; admin_label=&#8221;Row&#8221; _builder_version=&#8221;4.16&#8243; background_size=&#8221;initial&#8221; background_position=&#8221;top_left&#8221; background_repeat=&#8221;repeat&#8221; global_colors_info=&#8221;{}&#8221;][et_pb_column type=&#8221;1_2&#8243; _builder_version=&#8221;4.16&#8243; background_position=&#8221;top_left&#8221; custom_padding=&#8221;|||&#8221; global_colors_info=&#8221;{}&#8221; custom_padding__hover=&#8221;|||&#8221;][et_pb_text admin_label=&#8221;Subheader&#8221; _builder_version=&#8221;4.23.2&#8243; background_size=&#8221;initial&#8221; background_position=&#8221;top_left&#8221; background_repeat=&#8221;repeat&#8221; max_width=&#8221;720px&#8221; custom_margin=&#8221;0px||40px|&#8221; custom_margin_tablet=&#8221;0px||38px|&#8221; custom_margin_phone=&#8221;&#8221; custom_margin_last_edited=&#8221;on|phone&#8221; custom_css_main_element=&#8221;font-weight:300;&#8221; global_colors_info=&#8221;{}&#8221;]<\/p>\n<p>Ca les Barberes, \u00e9s un establiment dedicat a turisme rural, habitacions i restaurant, des de l\u2019any 1998. Qui el porta es la Montse, persona enamorada d\u2019aquestes terres, i de aquest negoci, que li a perm\u00e8s, de poder continuar vivint i treballar en aquestes terres. Estem al poble de Pa\u00fcls, en mig d\u2019un encisador entorn natural, al bell mig de les muntanyes del parc natural de \u201clos Ports\u201d. On podeu gaudir de la natura en el seu estat m\u00e9s pur, i sense aglomeracions. Disposem d\u2019habitacions, de diferents capacitats, per parelles, fam\u00edlies, grups, &#8230; equipades amb bany, calefacci\u00f3, tv i aire condicionat. Tamb\u00e9 en tenim de especials per a excursionistes. Al nostre restaurant, podreu gaudir dels productes que surten de la nostra horta, aix\u00ed com oli, mel, cireres, fruits secs &#8230; en fi, productes \u201ckm 0\u201d. Estem pel producte de proximitat, compromesos amb el territori, ja que som conscients, que som poca gent en un territori gran, i que per tirar endavant cal treballar colze amb colze. No tenim pretensions de tenir \u201cestrelles\u201d. A casa nostra es ve a menjar, el de sempre, amb alguna pinzellada moderna, i aix\u00f2 si, sense gustos uniformes. Estem adherits a la marca \u201cTerres de l\u2019Ebre &#8211; reserva de la biosfera\u201d, ja que els nostres valors, coincideixen plenament amb aquesta marca i el que suposa. Tamb\u00e9 som socis fundadors de \u201cestels del sud\u201d, una ruta de muntanya de 5 etapes, per gaudir d\u2019aquestes muntanyes. Juntament amb 4 socis m\u00e9s, formem la marca, que evidentment, tamb\u00e9 est\u00e0 plenament compromesa amb la promoci\u00f3 de les nostres terres, i que us permetr\u00e0 passejar pels racons m\u00e9s emblem\u00e0tics i bonics d\u2019aquesta serralada, a cavall de tres Comunitats Aut\u00f2nomes, Arag\u00f3, Catalunya i Valencia.<\/p>\n<h6 class=\"et_pb_module_header\">Preus<\/h6>\n<div class=\"et_pb_blurb_description\">\n<ul>\n<li><strong>Dormir:<\/strong> 31 \u20ac\u00a0\u00a0 (habitaci\u00f3 d&#8217;us individual, suplement de 27 \u20ac)<\/li>\n<li><strong>Esmorzar: <\/strong>9,50 \u20ac<\/li>\n<li><strong>Sopar: <\/strong>26 \u20ac<\/li>\n<li><strong>Picnic: <\/strong>9,5 \u20ac<\/li>\n<\/ul>\n<p>Els preus son orientatius en Temporada Mitjana i en habitaci\u00f3 doble. Els preus son per persona\/nit. Taxa tur\u00edstica inclosa.<\/p>\n<\/div>\n<p>[\/et_pb_text][\/et_pb_column][et_pb_column type=&#8221;1_2&#8243; _builder_version=&#8221;4.16&#8243; background_position=&#8221;top_left&#8221; custom_padding=&#8221;|||&#8221; global_colors_info=&#8221;{}&#8221; custom_padding__hover=&#8221;|||&#8221;][et_pb_blurb title=&#8221;Cl. Canal 2 &#8211; 43593 PA\u00dcLS&#8221; url=&#8221;mailto:calesbarberes@hotmail.com&#8221; use_icon=&#8221;on&#8221; font_icon=&#8221;&#xe074;||divi||400&#8243; icon_color=&#8221;#568FF6&#8243; icon_placement=&#8221;left&#8221; image_icon_width=&#8221;30px&#8221; admin_label=&#8221;Blurb&#8221; module_class=&#8221;mp_blurb_icon_hover&#8221; _builder_version=&#8221;4.16&#8243; header_font_size=&#8221;21&#8243; body_text_color=&#8221;#666a74&#8243; animation=&#8221;off&#8221; custom_css_blurb_image=&#8221;text-align: left;||margin-bottom: 8px;&#8221; custom_css_blurb_title=&#8221;font-weight: 500;&#8221; custom_css_blurb_content=&#8221;font-weight:300;&#8221; border_style=&#8221;solid&#8221; icon_font_size=&#8221;30px&#8221; global_colors_info=&#8221;{}&#8221;][\/et_pb_blurb][et_pb_blurb title=&#8221;info@barberes.com&#8221; url=&#8221;mailto:calesbarberes@hotmail.com&#8221; use_icon=&#8221;on&#8221; font_icon=&#8221;&#xe076;||divi||400&#8243; icon_color=&#8221;#568FF6&#8243; icon_placement=&#8221;left&#8221; image_icon_width=&#8221;30px&#8221; admin_label=&#8221;Blurb&#8221; module_class=&#8221;mp_blurb_icon_hover&#8221; _builder_version=&#8221;4.16&#8243; header_font_size=&#8221;21&#8243; body_text_color=&#8221;#666a74&#8243; animation=&#8221;off&#8221; custom_css_blurb_image=&#8221;text-align: left;||margin-bottom: 8px;&#8221; custom_css_blurb_title=&#8221;font-weight: 500;&#8221; custom_css_blurb_content=&#8221;font-weight:300;&#8221; border_style=&#8221;solid&#8221; icon_font_size=&#8221;30px&#8221; global_colors_info=&#8221;{}&#8221;][\/et_pb_blurb][et_pb_blurb title=&#8221;977492330 &#8211; +34669832930&#8243; use_icon=&#8221;on&#8221; font_icon=&#8221;&#xe090;||divi||400&#8243; icon_color=&#8221;#568FF6&#8243; icon_placement=&#8221;left&#8221; image_icon_width=&#8221;30px&#8221; admin_label=&#8221;Blurb&#8221; module_class=&#8221;mp_blurb_icon_hover&#8221; _builder_version=&#8221;4.16&#8243; header_font_size=&#8221;21&#8243; body_text_color=&#8221;#666a74&#8243; animation=&#8221;off&#8221; custom_css_blurb_image=&#8221;text-align: left;||margin-bottom: 8px;&#8221; custom_css_blurb_title=&#8221;font-weight: 500;&#8221; custom_css_blurb_content=&#8221;font-weight:300;&#8221; icon_font_size=&#8221;30px&#8221; global_colors_info=&#8221;{}&#8221;][\/et_pb_blurb][et_pb_blurb title=&#8221;www.barberes.com&#8221; url=&#8221;http:\/\/www.barberes.com&#8221; url_new_window=&#8221;on&#8221; use_icon=&#8221;on&#8221; font_icon=&#8221;&#xe0e2;||divi||400&#8243; icon_color=&#8221;#568FF6&#8243; icon_placement=&#8221;left&#8221; image_icon_width=&#8221;30px&#8221; admin_label=&#8221;Blurb&#8221; module_class=&#8221;mp_blurb_icon_hover&#8221; _builder_version=&#8221;4.16&#8243; header_font_size=&#8221;21&#8243; body_text_color=&#8221;#666a74&#8243; animation=&#8221;off&#8221; custom_css_blurb_image=&#8221;text-align: left;||margin-bottom: 8px;&#8221; custom_css_blurb_title=&#8221;font-weight: 500;&#8221; custom_css_blurb_content=&#8221;font-weight:300;&#8221; icon_font_size=&#8221;30px&#8221; global_colors_info=&#8221;{}&#8221;][\/et_pb_blurb][\/et_pb_column][\/et_pb_row][et_pb_row _builder_version=&#8221;4.16&#8243; background_size=&#8221;initial&#8221; background_position=&#8221;top_left&#8221; background_repeat=&#8221;repeat&#8221; global_colors_info=&#8221;{}&#8221;][et_pb_column type=&#8221;4_4&#8243; _builder_version=&#8221;4.16&#8243; custom_padding=&#8221;|||&#8221; global_colors_info=&#8221;{}&#8221; custom_padding__hover=&#8221;|||&#8221;][et_pb_gallery gallery_ids=&#8221;463,666,915,462&#8243; gallery_captions=&#8221;,PENTAX Image,,,&#8221; posts_number=&#8221;12&#8243; show_title_and_caption=&#8221;off&#8221; show_pagination=&#8221;off&#8221; _builder_version=&#8221;4.16&#8243; global_colors_info=&#8221;{}&#8221;][\/et_pb_gallery][\/et_pb_column][\/et_pb_row][\/et_pb_section]<\/p>\n","protected":false},"excerpt":{"rendered":"<p>Casa Rural \u201cCa les Barberes\u201d Ca les Barberes, \u00e9s un establiment dedicat a turisme rural, habitacions i restaurant, des de l\u2019any 1998. Qui el porta es la Montse, persona enamorada d\u2019aquestes terres, i de aquest negoci, que li a perm\u00e8s, de poder continuar vivint i treballar en aquestes terres. Estem al poble de Pa\u00fcls, en [&hellip;]<\/p>\n","protected":false},"author":1,"featured_media":0,"parent":1032,"menu_order":2,"comment_status":"closed","ping_status":"closed","template":"","meta":{"_et_pb_use_builder":"on","_et_pb_old_content":"","_et_gb_content_width":"","_exactmetrics_skip_tracking":false,"_exactmetrics_sitenote_active":false,"_exactmetrics_sitenote_note":"","_exactmetrics_sitenote_category":0,"footnotes":""},"class_list":["post-1038","page","type-page","status-publish","hentry"],"_links":{"self":[{"href":"https:\/\/estelsdelsud.com\/ca\/wp-json\/wp\/v2\/pages\/1038","targetHints":{"allow":["GET"]}}],"collection":[{"href":"https:\/\/estelsdelsud.com\/ca\/wp-json\/wp\/v2\/pages"}],"about":[{"href":"https:\/\/estelsdelsud.com\/ca\/wp-json\/wp\/v2\/types\/page"}],"author":[{"embeddable":true,"href":"https:\/\/estelsdelsud.com\/ca\/wp-json\/wp\/v2\/users\/1"}],"replies":[{"embeddable":true,"href":"https:\/\/estelsdelsud.com\/ca\/wp-json\/wp\/v2\/comments?post=1038"}],"version-history":[{"count":8,"href":"https:\/\/estelsdelsud.com\/ca\/wp-json\/wp\/v2\/pages\/1038\/revisions"}],"predecessor-version":[{"id":3985,"href":"https:\/\/estelsdelsud.com\/ca\/wp-json\/wp\/v2\/pages\/1038\/revisions\/3985"}],"up":[{"embeddable":true,"href":"https:\/\/estelsdelsud.com\/ca\/wp-json\/wp\/v2\/pages\/1032"}],"wp:attachment":[{"href":"https:\/\/estelsdelsud.com\/ca\/wp-json\/wp\/v2\/media?parent=1038"}],"curies":[{"name":"wp","href":"https:\/\/api.w.org\/{rel}","templated":true}]}}

Casa Rural Paüls“Ca les Barberes”

<p>[et_pb_section fb_built=&#8221;1&#8243; _builder_version=&#8221;4.16&#8243; global_colors_info=&#8221;{}&#8221;][et_pb_row _builder_version=&#8221;4.16&#8243; background_size=&#8221;initial&#8221; background_position=&#8221;top_left&#8221; background_repeat=&#8221;repeat&#8221; global_colors_info=&#8221;{}&#8221;][et_pb_column type=&#8221;4_4&#8243; _builder_version=&#8221;4.16&#8243; custom_padding=&#8221;|||&#8221; global_colors_info=&#8221;{}&#8221; custom_padding__hover=&#8221;|||&#8221;][et_pb_text admin_label=&#8221;Header&#8221; _builder_version=&#8221;4.16&#8243; text_font_size=&#8221;45&#8243; header_text_color=&#8221;#000000&#8243; header_font_size=&#8221;45&#8243; background_size=&#8221;initial&#8221; background_position=&#8221;top_left&#8221; background_repeat=&#8221;repeat&#8221; text_orientation=&#8221;center&#8221; max_width_tablet=&#8221;&#8221; max_width_phone=&#8221;&#8221; max_width_last_edited=&#8221;on|phone&#8221; module_alignment=&#8221;center&#8221; custom_margin=&#8221;||10px|&#8221; text_font_size_tablet=&#8221;35&#8243; text_font_size_phone=&#8221;25&#8243; text_font_size_last_edited=&#8221;off|phone&#8221; header_font_size_last_edited=&#8221;off|desktop&#8221; custom_css_main_element=&#8221;font-weight:900!important;&#8221; global_colors_info=&#8221;{}&#8221;]</p>
<h2>Casa Rural “Ca les Barberes”</h2>
<p>[/et_pb_text][et_pb_divider color=&#8221;#568FF6&#8243; divider_position=&#8221;center&#8221; divider_weight=&#8221;2&#8243; admin_label=&#8221;Divider (Centered)&#8221; _builder_version=&#8221;4.16&#8243; custom_css_before=&#8221;width: 100px;||left: 50%;||margin-right: -50%;||transform: translate(-50%);&#8221; hide_on_mobile=&#8221;off&#8221; global_colors_info=&#8221;{}&#8221;][/et_pb_divider][/et_pb_column][/et_pb_row][et_pb_row column_structure=&#8221;1_2,1_2&#8243; admin_label=&#8221;Row&#8221; _builder_version=&#8221;4.16&#8243; background_size=&#8221;initial&#8221; background_position=&#8221;top_left&#8221; background_repeat=&#8221;repeat&#8221; global_colors_info=&#8221;{}&#8221;][et_pb_column type=&#8221;1_2&#8243; _builder_version=&#8221;4.16&#8243; background_position=&#8221;top_left&#8221; custom_padding=&#8221;|||&#8221; global_colors_info=&#8221;{}&#8221; custom_padding__hover=&#8221;|||&#8221;][et_pb_text admin_label=&#8221;Subheader&#8221; _builder_version=&#8221;4.23.2&#8243; background_size=&#8221;initial&#8221; background_position=&#8221;top_left&#8221; background_repeat=&#8221;repeat&#8221; max_width=&#8221;720px&#8221; custom_margin=&#8221;0px||40px|&#8221; custom_margin_tablet=&#8221;0px||38px|&#8221; custom_margin_phone=&#8221;&#8221; custom_margin_last_edited=&#8221;on|phone&#8221; custom_css_main_element=&#8221;font-weight:300;&#8221; global_colors_info=&#8221;{}&#8221;]</p>
<p>Ca les Barberes, és un establiment dedicat a turisme rural, habitacions i restaurant, des de l’any 1998. Qui el porta es la Montse, persona enamorada d’aquestes terres, i de aquest negoci, que li a permès, de poder continuar vivint i treballar en aquestes terres. Estem al poble de Paüls, en mig d’un encisador entorn natural, al bell mig de les muntanyes del parc natural de “los Ports”. On podeu gaudir de la natura en el seu estat més pur, i sense aglomeracions. Disposem d’habitacions, de diferents capacitats, per parelles, famílies, grups, &#8230; equipades amb bany, calefacció, tv i aire condicionat. També en tenim de especials per a excursionistes. Al nostre restaurant, podreu gaudir dels productes que surten de la nostra horta, així com oli, mel, cireres, fruits secs &#8230; en fi, productes “km 0”. Estem pel producte de proximitat, compromesos amb el territori, ja que som conscients, que som poca gent en un territori gran, i que per tirar endavant cal treballar colze amb colze. No tenim pretensions de tenir “estrelles”. A casa nostra es ve a menjar, el de sempre, amb alguna pinzellada moderna, i això si, sense gustos uniformes. Estem adherits a la marca “Terres de l’Ebre &#8211; reserva de la biosfera”, ja que els nostres valors, coincideixen plenament amb aquesta marca i el que suposa. També som socis fundadors de “estels del sud”, una ruta de muntanya de 5 etapes, per gaudir d’aquestes muntanyes. Juntament amb 4 socis més, formem la marca, que evidentment, també està plenament compromesa amb la promoció de les nostres terres, i que us permetrà passejar pels racons més emblemàtics i bonics d’aquesta serralada, a cavall de tres Comunitats Autònomes, Aragó, Catalunya i Valencia.</p>
<h6 class="et_pb_module_header">Preus</h6>
<div class="et_pb_blurb_description">
<ul>
<li><strong>Dormir:</strong> 31 €   (habitació d&#8217;us individual, suplement de 27 €)</li>
<li><strong>Esmorzar: </strong>9,50 €</li>
<li><strong>Sopar: </strong>26 €</li>
<li><strong>Picnic: </strong>9,5 €</li>
</ul>
<p>Els preus son orientatius en Temporada Mitjana i en habitació doble. Els preus son per persona/nit. Taxa turística inclosa.</p>
</div>
<p>[/et_pb_text][/et_pb_column][et_pb_column type=&#8221;1_2&#8243; _builder_version=&#8221;4.16&#8243; background_position=&#8221;top_left&#8221; custom_padding=&#8221;|||&#8221; global_colors_info=&#8221;{}&#8221; custom_padding__hover=&#8221;|||&#8221;][et_pb_blurb title=&#8221;Cl. Canal 2 &#8211; 43593 PAÜLS&#8221; url=&#8221;mailto:calesbarberes@hotmail.com&#8221; use_icon=&#8221;on&#8221; font_icon=&#8221;&#xe074;||divi||400&#8243; icon_color=&#8221;#568FF6&#8243; icon_placement=&#8221;left&#8221; image_icon_width=&#8221;30px&#8221; admin_label=&#8221;Blurb&#8221; module_class=&#8221;mp_blurb_icon_hover&#8221; _builder_version=&#8221;4.16&#8243; header_font_size=&#8221;21&#8243; body_text_color=&#8221;#666a74&#8243; animation=&#8221;off&#8221; custom_css_blurb_image=&#8221;text-align: left;||margin-bottom: 8px;&#8221; custom_css_blurb_title=&#8221;font-weight: 500;&#8221; custom_css_blurb_content=&#8221;font-weight:300;&#8221; border_style=&#8221;solid&#8221; icon_font_size=&#8221;30px&#8221; global_colors_info=&#8221;{}&#8221;][/et_pb_blurb][et_pb_blurb title=&#8221;info@barberes.com&#8221; url=&#8221;mailto:calesbarberes@hotmail.com&#8221; use_icon=&#8221;on&#8221; font_icon=&#8221;&#xe076;||divi||400&#8243; icon_color=&#8221;#568FF6&#8243; icon_placement=&#8221;left&#8221; image_icon_width=&#8221;30px&#8221; admin_label=&#8221;Blurb&#8221; module_class=&#8221;mp_blurb_icon_hover&#8221; _builder_version=&#8221;4.16&#8243; header_font_size=&#8221;21&#8243; body_text_color=&#8221;#666a74&#8243; animation=&#8221;off&#8221; custom_css_blurb_image=&#8221;text-align: left;||margin-bottom: 8px;&#8221; custom_css_blurb_title=&#8221;font-weight: 500;&#8221; custom_css_blurb_content=&#8221;font-weight:300;&#8221; border_style=&#8221;solid&#8221; icon_font_size=&#8221;30px&#8221; global_colors_info=&#8221;{}&#8221;][/et_pb_blurb][et_pb_blurb title=&#8221;977492330 &#8211; +34669832930&#8243; use_icon=&#8221;on&#8221; font_icon=&#8221;&#xe090;||divi||400&#8243; icon_color=&#8221;#568FF6&#8243; icon_placement=&#8221;left&#8221; image_icon_width=&#8221;30px&#8221; admin_label=&#8221;Blurb&#8221; module_class=&#8221;mp_blurb_icon_hover&#8221; _builder_version=&#8221;4.16&#8243; header_font_size=&#8221;21&#8243; body_text_color=&#8221;#666a74&#8243; animation=&#8221;off&#8221; custom_css_blurb_image=&#8221;text-align: left;||margin-bottom: 8px;&#8221; custom_css_blurb_title=&#8221;font-weight: 500;&#8221; custom_css_blurb_content=&#8221;font-weight:300;&#8221; icon_font_size=&#8221;30px&#8221; global_colors_info=&#8221;{}&#8221;][/et_pb_blurb][et_pb_blurb title=&#8221;www.barberes.com&#8221; url=&#8221;http://www.barberes.com&#8221; url_new_window=&#8221;on&#8221; use_icon=&#8221;on&#8221; font_icon=&#8221;&#xe0e2;||divi||400&#8243; icon_color=&#8221;#568FF6&#8243; icon_placement=&#8221;left&#8221; image_icon_width=&#8221;30px&#8221; admin_label=&#8221;Blurb&#8221; module_class=&#8221;mp_blurb_icon_hover&#8221; _builder_version=&#8221;4.16&#8243; header_font_size=&#8221;21&#8243; body_text_color=&#8221;#666a74&#8243; animation=&#8221;off&#8221; custom_css_blurb_image=&#8221;text-align: left;||margin-bottom: 8px;&#8221; custom_css_blurb_title=&#8221;font-weight: 500;&#8221; custom_css_blurb_content=&#8221;font-weight:300;&#8221; icon_font_size=&#8221;30px&#8221; global_colors_info=&#8221;{}&#8221;][/et_pb_blurb][/et_pb_column][/et_pb_row][et_pb_row _builder_version=&#8221;4.16&#8243; background_size=&#8221;initial&#8221; background_position=&#8221;top_left&#8221; background_repeat=&#8221;repeat&#8221; global_colors_info=&#8221;{}&#8221;][et_pb_column type=&#8221;4_4&#8243; _builder_version=&#8221;4.16&#8243; custom_padding=&#8221;|||&#8221; global_colors_info=&#8221;{}&#8221; custom_padding__hover=&#8221;|||&#8221;][et_pb_gallery gallery_ids=&#8221;463,666,915,462&#8243; gallery_captions=&#8221;,PENTAX Image,,,&#8221; posts_number=&#8221;12&#8243; show_title_and_caption=&#8221;off&#8221; show_pagination=&#8221;off&#8221; _builder_version=&#8221;4.16&#8243; global_colors_info=&#8221;{}&#8221;][/et_pb_gallery][/et_pb_column][/et_pb_row][/et_pb_section]</p>

<p>Casa Rural “Ca les Barberes” Ca les Barberes, és un establiment dedicat a turisme rural, habitacions i restaurant, des de l’any 1998. Qui el porta es la Montse, persona enamorada d’aquestes terres, i de aquest negoci, que li a permès, de poder continuar vivint i treballar en aquestes terres. Estem al poble de Paüls, en [&hellip;]</p>
