{"id":1035,"date":"2018-06-03T10:23:58","date_gmt":"2018-06-03T10:23:58","guid":{"rendered":"https:\/\/estelsdelsud.com\/?page_id=1035"},"modified":"2024-12-20T15:37:58","modified_gmt":"2024-12-20T15:37:58","slug":"casa-rural-calgorro","status":"publish","type":"page","link":"https:\/\/estelsdelsud.com\/ca\/allotjaments\/casa-rural-calgorro\/","title":{"rendered":"Casa Rural \u201cCal Gorro\u201d"},"content":{"rendered":"<p>[et_pb_section fb_built=&#8221;1&#8243; _builder_version=&#8221;4.16&#8243; global_colors_info=&#8221;{}&#8221;][et_pb_row _builder_version=&#8221;4.16&#8243; background_size=&#8221;initial&#8221; background_position=&#8221;top_left&#8221; background_repeat=&#8221;repeat&#8221; global_colors_info=&#8221;{}&#8221;][et_pb_column type=&#8221;4_4&#8243; _builder_version=&#8221;4.16&#8243; custom_padding=&#8221;|||&#8221; global_colors_info=&#8221;{}&#8221; custom_padding__hover=&#8221;|||&#8221;][et_pb_text admin_label=&#8221;Header&#8221; _builder_version=&#8221;4.23.3&#8243; text_font_size=&#8221;45&#8243; header_text_color=&#8221;#000000&#8243; header_font_size=&#8221;45&#8243; background_size=&#8221;initial&#8221; background_position=&#8221;top_left&#8221; background_repeat=&#8221;repeat&#8221; text_orientation=&#8221;center&#8221; max_width_tablet=&#8221;&#8221; max_width_phone=&#8221;&#8221; max_width_last_edited=&#8221;on|phone&#8221; module_alignment=&#8221;center&#8221; custom_margin=&#8221;||10px|&#8221; text_font_size_tablet=&#8221;35&#8243; text_font_size_phone=&#8221;25&#8243; text_font_size_last_edited=&#8221;off|phone&#8221; header_font_size_last_edited=&#8221;off|desktop&#8221; custom_css_main_element=&#8221;font-weight:900!important;&#8221; global_colors_info=&#8221;{}&#8221;]<\/p>\n<h2>Casa Rural \u201cCal Gorro\u201d<\/h2>\n<p>[\/et_pb_text][et_pb_divider color=&#8221;#568FF6&#8243; divider_position=&#8221;center&#8221; divider_weight=&#8221;2&#8243; admin_label=&#8221;Divider (Centered)&#8221; _builder_version=&#8221;4.16&#8243; custom_css_before=&#8221;width: 100px;||left: 50%;||margin-right: -50%;||transform: translate(-50%);&#8221; hide_on_mobile=&#8221;off&#8221; global_colors_info=&#8221;{}&#8221;][\/et_pb_divider][\/et_pb_column][\/et_pb_row][et_pb_row column_structure=&#8221;1_2,1_2&#8243; admin_label=&#8221;Row&#8221; _builder_version=&#8221;4.16&#8243; background_size=&#8221;initial&#8221; background_position=&#8221;top_left&#8221; background_repeat=&#8221;repeat&#8221; global_colors_info=&#8221;{}&#8221;][et_pb_column type=&#8221;1_2&#8243; _builder_version=&#8221;4.16&#8243; background_position=&#8221;top_left&#8221; custom_padding=&#8221;|||&#8221; global_colors_info=&#8221;{}&#8221; custom_padding__hover=&#8221;|||&#8221;][et_pb_text admin_label=&#8221;Subheader&#8221; _builder_version=&#8221;4.23.3&#8243; background_size=&#8221;initial&#8221; background_position=&#8221;top_left&#8221; background_repeat=&#8221;repeat&#8221; max_width=&#8221;720px&#8221; custom_margin=&#8221;0px||40px|&#8221; custom_margin_tablet=&#8221;0px||38px|&#8221; custom_margin_phone=&#8221;&#8221; custom_margin_last_edited=&#8221;on|phone&#8221; custom_css_main_element=&#8221;font-weight:300;&#8221; global_colors_info=&#8221;{}&#8221;]<\/p>\n<p>Cal Gorro \u00e9s una antiga casa pairal, que ha conservat la seva estructura original i ha estat rehabilitada completament com a Allotjament Rural Independent.<\/p>\n<p>A peu de carrer i nom\u00e9s arribar ens trobem amb una gran entrada on, simulant un petit museu, podeu veure una gran varietat d\u2019eines de camp antigues. Tamb\u00e9 hi trobareu espai per deixar\u00a0 bicicletes.<\/p>\n<p>La casa esta distribu\u00efda en tres pisos i disposem de dos habitacions dobles, una triple i una qu\u00e0druple. Totes disposen de calefacci\u00f3, bany privat i TV. S\u2019inclouen tovalloles, roba de llit, assecador de cabell i gel de dutxa.<\/p>\n<p>Les habitacions, aix\u00ed com la cuina i la sala d&#8217;estar, conserven un aspecte r\u00fastic, d&#8217;acord amb l&#8217;entorn on ens trobem situats, i estan condicionades per fer que la vostra estada sigui tan confortable com sigui possible.<\/p>\n<p>Estem dins el casc antic de la vila d\u2019Arnes, un petit municipi de 450\u00a0 habitants, que forma part de la Terra Alta<\/p>\n<p>No s\u2019admeten mascotes i no es permet fumar.<\/p>\n<p>Serveis:<\/p>\n<ul>\n<li>Allotjament i Esmorzar<\/li>\n<li>Habitacions de 2\/3\/4 persones amb bany<\/li>\n<\/ul>\n<p class=\"et_pb_module_header\">Preus<\/p>\n<div class=\"et_pb_blurb_description\">\n<ul>\n<li><strong>AD:\u00a0<\/strong> 39 \u20ac persona\/nit<\/li>\n<li><strong>Sopar:<\/strong> al Casal d&#8217;Arnes<\/li>\n<li><strong>Picnic:\u00a0<\/strong> 9 \u20ac\u00a0 (cel\u00edacs suplement 2 \u20ac)<\/li>\n<\/ul>\n<p>IVA i taxa tur\u00edstica incl\u00f2s. Preu per persona\/nit.<\/p>\n<p>Habitacions dobles\/triples d&#8217;<strong>us individual<\/strong> :<\/p>\n<p>Temporada baixa + 15 \u20ac de suplement.<\/p>\n<p>Temporada alta + 25 \u20ac de suplement.<\/p>\n<\/div>\n<p>[\/et_pb_text][\/et_pb_column][et_pb_column type=&#8221;1_2&#8243; _builder_version=&#8221;4.16&#8243; background_position=&#8221;top_left&#8221; custom_padding=&#8221;|||&#8221; global_colors_info=&#8221;{}&#8221; custom_padding__hover=&#8221;|||&#8221;][et_pb_blurb title=&#8221;C\/ Generalitat 12 &#8211; 43597 ARNES&#8221; url=&#8221;mailto:calesbarberes@hotmail.com&#8221; use_icon=&#8221;on&#8221; font_icon=&#8221;&#xe074;||divi||400&#8243; icon_color=&#8221;#568FF6&#8243; icon_placement=&#8221;left&#8221; image_icon_width=&#8221;30px&#8221; admin_label=&#8221;Blurb&#8221; module_class=&#8221;mp_blurb_icon_hover&#8221; _builder_version=&#8221;4.23.3&#8243; header_font_size=&#8221;21&#8243; body_text_color=&#8221;#666a74&#8243; animation=&#8221;off&#8221; custom_css_blurb_image=&#8221;text-align: left;||margin-bottom: 8px;&#8221; custom_css_blurb_title=&#8221;font-weight: 500;&#8221; custom_css_blurb_content=&#8221;font-weight:300;&#8221; border_style=&#8221;solid&#8221; icon_font_size=&#8221;30px&#8221; global_colors_info=&#8221;{}&#8221;][\/et_pb_blurb][et_pb_blurb title=&#8221;calgorro@gmail.com&#8221; url=&#8221;mailto:locorraldarnes@gmail.com&#8221; use_icon=&#8221;on&#8221; font_icon=&#8221;&#xe076;||divi||400&#8243; icon_color=&#8221;#568FF6&#8243; icon_placement=&#8221;left&#8221; image_icon_width=&#8221;30px&#8221; admin_label=&#8221;Blurb&#8221; module_class=&#8221;mp_blurb_icon_hover&#8221; _builder_version=&#8221;4.23.3&#8243; header_font_size=&#8221;21&#8243; body_text_color=&#8221;#666a74&#8243; animation=&#8221;off&#8221; custom_css_blurb_image=&#8221;text-align: left;||margin-bottom: 8px;&#8221; custom_css_blurb_title=&#8221;font-weight: 500;&#8221; custom_css_blurb_content=&#8221;font-weight:300;&#8221; border_style=&#8221;solid&#8221; icon_font_size=&#8221;30px&#8221; global_colors_info=&#8221;{}&#8221;][\/et_pb_blurb][et_pb_blurb title=&#8221;+34629101807&#8243; use_icon=&#8221;on&#8221; font_icon=&#8221;&#xe090;||divi||400&#8243; icon_color=&#8221;#568FF6&#8243; icon_placement=&#8221;left&#8221; image_icon_width=&#8221;30px&#8221; admin_label=&#8221;Blurb&#8221; module_class=&#8221;mp_blurb_icon_hover&#8221; _builder_version=&#8221;4.23.3&#8243; header_font_size=&#8221;21&#8243; body_text_color=&#8221;#666a74&#8243; animation=&#8221;off&#8221; custom_css_blurb_image=&#8221;text-align: left;||margin-bottom: 8px;&#8221; custom_css_blurb_title=&#8221;font-weight: 500;&#8221; custom_css_blurb_content=&#8221;font-weight:300;&#8221; icon_font_size=&#8221;30px&#8221; global_colors_info=&#8221;{}&#8221;][\/et_pb_blurb][et_pb_blurb title=&#8221;www.calgorro.com &#8221; url=&#8221;http:\/\/www.calgorro.com&#8221; url_new_window=&#8221;on&#8221; use_icon=&#8221;on&#8221; font_icon=&#8221;&#xe0e2;||divi||400&#8243; icon_color=&#8221;#568FF6&#8243; icon_placement=&#8221;left&#8221; image_icon_width=&#8221;30px&#8221; admin_label=&#8221;Blurb&#8221; module_class=&#8221;mp_blurb_icon_hover&#8221; _builder_version=&#8221;4.23.3&#8243; header_font_size=&#8221;21&#8243; body_text_color=&#8221;#666a74&#8243; animation=&#8221;off&#8221; custom_css_blurb_image=&#8221;text-align: left;||margin-bottom: 8px;&#8221; custom_css_blurb_title=&#8221;font-weight: 500;&#8221; custom_css_blurb_content=&#8221;font-weight:300;&#8221; icon_font_size=&#8221;30px&#8221; global_colors_info=&#8221;{}&#8221;][\/et_pb_blurb][\/et_pb_column][\/et_pb_row][et_pb_row _builder_version=&#8221;4.16&#8243; background_size=&#8221;initial&#8221; background_position=&#8221;top_left&#8221; background_repeat=&#8221;repeat&#8221; global_colors_info=&#8221;{}&#8221;][et_pb_column type=&#8221;4_4&#8243; _builder_version=&#8221;4.16&#8243; custom_padding=&#8221;|||&#8221; global_colors_info=&#8221;{}&#8221; custom_padding__hover=&#8221;|||&#8221;][\/et_pb_column][\/et_pb_row][\/et_pb_section]<\/p>\n","protected":false},"excerpt":{"rendered":"<p>Casa Rural \u201cCal Gorro\u201dCal Gorro \u00e9s una antiga casa pairal, que ha conservat la seva estructura original i ha estat rehabilitada completament com a Allotjament Rural Independent. A peu de carrer i nom\u00e9s arribar ens trobem amb una gran entrada on, simulant un petit museu, podeu veure una gran varietat d\u2019eines de camp antigues. Tamb\u00e9 [&hellip;]<\/p>\n","protected":false},"author":1,"featured_media":0,"parent":1032,"menu_order":2,"comment_status":"closed","ping_status":"closed","template":"","meta":{"_et_pb_use_builder":"on","_et_pb_old_content":"","_et_gb_content_width":"","_exactmetrics_skip_tracking":false,"_exactmetrics_sitenote_active":false,"_exactmetrics_sitenote_note":"","_exactmetrics_sitenote_category":0,"footnotes":""},"class_list":["post-1035","page","type-page","status-publish","hentry"],"_links":{"self":[{"href":"https:\/\/estelsdelsud.com\/ca\/wp-json\/wp\/v2\/pages\/1035","targetHints":{"allow":["GET"]}}],"collection":[{"href":"https:\/\/estelsdelsud.com\/ca\/wp-json\/wp\/v2\/pages"}],"about":[{"href":"https:\/\/estelsdelsud.com\/ca\/wp-json\/wp\/v2\/types\/page"}],"author":[{"embeddable":true,"href":"https:\/\/estelsdelsud.com\/ca\/wp-json\/wp\/v2\/users\/1"}],"replies":[{"embeddable":true,"href":"https:\/\/estelsdelsud.com\/ca\/wp-json\/wp\/v2\/comments?post=1035"}],"version-history":[{"count":18,"href":"https:\/\/estelsdelsud.com\/ca\/wp-json\/wp\/v2\/pages\/1035\/revisions"}],"predecessor-version":[{"id":3982,"href":"https:\/\/estelsdelsud.com\/ca\/wp-json\/wp\/v2\/pages\/1035\/revisions\/3982"}],"up":[{"embeddable":true,"href":"https:\/\/estelsdelsud.com\/ca\/wp-json\/wp\/v2\/pages\/1032"}],"wp:attachment":[{"href":"https:\/\/estelsdelsud.com\/ca\/wp-json\/wp\/v2\/media?parent=1035"}],"curies":[{"name":"wp","href":"https:\/\/api.w.org\/{rel}","templated":true}]}}

<p>[et_pb_section fb_built=&#8221;1&#8243; _builder_version=&#8221;4.16&#8243; global_colors_info=&#8221;{}&#8221;][et_pb_row _builder_version=&#8221;4.16&#8243; background_size=&#8221;initial&#8221; background_position=&#8221;top_left&#8221; background_repeat=&#8221;repeat&#8221; global_colors_info=&#8221;{}&#8221;][et_pb_column type=&#8221;4_4&#8243; _builder_version=&#8221;4.16&#8243; custom_padding=&#8221;|||&#8221; global_colors_info=&#8221;{}&#8221; custom_padding__hover=&#8221;|||&#8221;][et_pb_text admin_label=&#8221;Header&#8221; _builder_version=&#8221;4.23.3&#8243; text_font_size=&#8221;45&#8243; header_text_color=&#8221;#000000&#8243; header_font_size=&#8221;45&#8243; background_size=&#8221;initial&#8221; background_position=&#8221;top_left&#8221; background_repeat=&#8221;repeat&#8221; text_orientation=&#8221;center&#8221; max_width_tablet=&#8221;&#8221; max_width_phone=&#8221;&#8221; max_width_last_edited=&#8221;on|phone&#8221; module_alignment=&#8221;center&#8221; custom_margin=&#8221;||10px|&#8221; text_font_size_tablet=&#8221;35&#8243; text_font_size_phone=&#8221;25&#8243; text_font_size_last_edited=&#8221;off|phone&#8221; header_font_size_last_edited=&#8221;off|desktop&#8221; custom_css_main_element=&#8221;font-weight:900!important;&#8221; global_colors_info=&#8221;{}&#8221;]</p>
<h2>Casa Rural “Cal Gorro”</h2>
<p>[/et_pb_text][et_pb_divider color=&#8221;#568FF6&#8243; divider_position=&#8221;center&#8221; divider_weight=&#8221;2&#8243; admin_label=&#8221;Divider (Centered)&#8221; _builder_version=&#8221;4.16&#8243; custom_css_before=&#8221;width: 100px;||left: 50%;||margin-right: -50%;||transform: translate(-50%);&#8221; hide_on_mobile=&#8221;off&#8221; global_colors_info=&#8221;{}&#8221;][/et_pb_divider][/et_pb_column][/et_pb_row][et_pb_row column_structure=&#8221;1_2,1_2&#8243; admin_label=&#8221;Row&#8221; _builder_version=&#8221;4.16&#8243; background_size=&#8221;initial&#8221; background_position=&#8221;top_left&#8221; background_repeat=&#8221;repeat&#8221; global_colors_info=&#8221;{}&#8221;][et_pb_column type=&#8221;1_2&#8243; _builder_version=&#8221;4.16&#8243; background_position=&#8221;top_left&#8221; custom_padding=&#8221;|||&#8221; global_colors_info=&#8221;{}&#8221; custom_padding__hover=&#8221;|||&#8221;][et_pb_text admin_label=&#8221;Subheader&#8221; _builder_version=&#8221;4.23.3&#8243; background_size=&#8221;initial&#8221; background_position=&#8221;top_left&#8221; background_repeat=&#8221;repeat&#8221; max_width=&#8221;720px&#8221; custom_margin=&#8221;0px||40px|&#8221; custom_margin_tablet=&#8221;0px||38px|&#8221; custom_margin_phone=&#8221;&#8221; custom_margin_last_edited=&#8221;on|phone&#8221; custom_css_main_element=&#8221;font-weight:300;&#8221; global_colors_info=&#8221;{}&#8221;]</p>
<p>Cal Gorro és una antiga casa pairal, que ha conservat la seva estructura original i ha estat rehabilitada completament com a Allotjament Rural Independent.</p>
<p>A peu de carrer i només arribar ens trobem amb una gran entrada on, simulant un petit museu, podeu veure una gran varietat d’eines de camp antigues. També hi trobareu espai per deixar  bicicletes.</p>
<p>La casa esta distribuïda en tres pisos i disposem de dos habitacions dobles, una triple i una quàdruple. Totes disposen de calefacció, bany privat i TV. S’inclouen tovalloles, roba de llit, assecador de cabell i gel de dutxa.</p>
<p>Les habitacions, així com la cuina i la sala d&#8217;estar, conserven un aspecte rústic, d&#8217;acord amb l&#8217;entorn on ens trobem situats, i estan condicionades per fer que la vostra estada sigui tan confortable com sigui possible.</p>
<p>Estem dins el casc antic de la vila d’Arnes, un petit municipi de 450  habitants, que forma part de la Terra Alta</p>
<p>No s’admeten mascotes i no es permet fumar.</p>
<p>Serveis:</p>
<ul>
<li>Allotjament i Esmorzar</li>
<li>Habitacions de 2/3/4 persones amb bany</li>
</ul>
<p class="et_pb_module_header">Preus</p>
<div class="et_pb_blurb_description">
<ul>
<li><strong>AD: </strong> 39 € persona/nit</li>
<li><strong>Sopar:</strong> al Casal d&#8217;Arnes</li>
<li><strong>Picnic: </strong> 9 €  (celíacs suplement 2 €)</li>
</ul>
<p>IVA i taxa turística inclòs. Preu per persona/nit.</p>
<p>Habitacions dobles/triples d&#8217;<strong>us individual</strong> :</p>
<p>Temporada baixa + 15 € de suplement.</p>
<p>Temporada alta + 25 € de suplement.</p>
</div>
<p>[/et_pb_text][/et_pb_column][et_pb_column type=&#8221;1_2&#8243; _builder_version=&#8221;4.16&#8243; background_position=&#8221;top_left&#8221; custom_padding=&#8221;|||&#8221; global_colors_info=&#8221;{}&#8221; custom_padding__hover=&#8221;|||&#8221;][et_pb_blurb title=&#8221;C/ Generalitat 12 &#8211; 43597 ARNES&#8221; url=&#8221;mailto:calesbarberes@hotmail.com&#8221; use_icon=&#8221;on&#8221; font_icon=&#8221;&#xe074;||divi||400&#8243; icon_color=&#8221;#568FF6&#8243; icon_placement=&#8221;left&#8221; image_icon_width=&#8221;30px&#8221; admin_label=&#8221;Blurb&#8221; module_class=&#8221;mp_blurb_icon_hover&#8221; _builder_version=&#8221;4.23.3&#8243; header_font_size=&#8221;21&#8243; body_text_color=&#8221;#666a74&#8243; animation=&#8221;off&#8221; custom_css_blurb_image=&#8221;text-align: left;||margin-bottom: 8px;&#8221; custom_css_blurb_title=&#8221;font-weight: 500;&#8221; custom_css_blurb_content=&#8221;font-weight:300;&#8221; border_style=&#8221;solid&#8221; icon_font_size=&#8221;30px&#8221; global_colors_info=&#8221;{}&#8221;][/et_pb_blurb][et_pb_blurb title=&#8221;calgorro@gmail.com&#8221; url=&#8221;mailto:locorraldarnes@gmail.com&#8221; use_icon=&#8221;on&#8221; font_icon=&#8221;&#xe076;||divi||400&#8243; icon_color=&#8221;#568FF6&#8243; icon_placement=&#8221;left&#8221; image_icon_width=&#8221;30px&#8221; admin_label=&#8221;Blurb&#8221; module_class=&#8221;mp_blurb_icon_hover&#8221; _builder_version=&#8221;4.23.3&#8243; header_font_size=&#8221;21&#8243; body_text_color=&#8221;#666a74&#8243; animation=&#8221;off&#8221; custom_css_blurb_image=&#8221;text-align: left;||margin-bottom: 8px;&#8221; custom_css_blurb_title=&#8221;font-weight: 500;&#8221; custom_css_blurb_content=&#8221;font-weight:300;&#8221; border_style=&#8221;solid&#8221; icon_font_size=&#8221;30px&#8221; global_colors_info=&#8221;{}&#8221;][/et_pb_blurb][et_pb_blurb title=&#8221;+34629101807&#8243; use_icon=&#8221;on&#8221; font_icon=&#8221;&#xe090;||divi||400&#8243; icon_color=&#8221;#568FF6&#8243; icon_placement=&#8221;left&#8221; image_icon_width=&#8221;30px&#8221; admin_label=&#8221;Blurb&#8221; module_class=&#8221;mp_blurb_icon_hover&#8221; _builder_version=&#8221;4.23.3&#8243; header_font_size=&#8221;21&#8243; body_text_color=&#8221;#666a74&#8243; animation=&#8221;off&#8221; custom_css_blurb_image=&#8221;text-align: left;||margin-bottom: 8px;&#8221; custom_css_blurb_title=&#8221;font-weight: 500;&#8221; custom_css_blurb_content=&#8221;font-weight:300;&#8221; icon_font_size=&#8221;30px&#8221; global_colors_info=&#8221;{}&#8221;][/et_pb_blurb][et_pb_blurb title=&#8221;www.calgorro.com &#8221; url=&#8221;http://www.calgorro.com&#8221; url_new_window=&#8221;on&#8221; use_icon=&#8221;on&#8221; font_icon=&#8221;&#xe0e2;||divi||400&#8243; icon_color=&#8221;#568FF6&#8243; icon_placement=&#8221;left&#8221; image_icon_width=&#8221;30px&#8221; admin_label=&#8221;Blurb&#8221; module_class=&#8221;mp_blurb_icon_hover&#8221; _builder_version=&#8221;4.23.3&#8243; header_font_size=&#8221;21&#8243; body_text_color=&#8221;#666a74&#8243; animation=&#8221;off&#8221; custom_css_blurb_image=&#8221;text-align: left;||margin-bottom: 8px;&#8221; custom_css_blurb_title=&#8221;font-weight: 500;&#8221; custom_css_blurb_content=&#8221;font-weight:300;&#8221; icon_font_size=&#8221;30px&#8221; global_colors_info=&#8221;{}&#8221;][/et_pb_blurb][/et_pb_column][/et_pb_row][et_pb_row _builder_version=&#8221;4.16&#8243; background_size=&#8221;initial&#8221; background_position=&#8221;top_left&#8221; background_repeat=&#8221;repeat&#8221; global_colors_info=&#8221;{}&#8221;][et_pb_column type=&#8221;4_4&#8243; _builder_version=&#8221;4.16&#8243; custom_padding=&#8221;|||&#8221; global_colors_info=&#8221;{}&#8221; custom_padding__hover=&#8221;|||&#8221;][/et_pb_column][/et_pb_row][/et_pb_section]</p>

<p>Casa Rural “Cal Gorro”Cal Gorro és una antiga casa pairal, que ha conservat la seva estructura original i ha estat rehabilitada completament com a Allotjament Rural Independent. A peu de carrer i només arribar ens trobem amb una gran entrada on, simulant un petit museu, podeu veure una gran varietat d’eines de camp antigues. També [&hellip;]</p>
